 the prime factors of 1/2 - (-7)/((-56)/(-2932))?
367
Let c(l) = l**3 + 11*l**2 + 10*l - 1. What are the prime factors of c(-6)?
7, 17
Suppose -k + 0*k = -18. List the prime factors of k.
2, 3
Suppose 5*x - 49 = -i, 2*i - x = -3*x + 122. List the prime factors of i.
2
Let i be -6*(-2 - 15/(-6)). Let p be (i/(-2))/((-3)/(-72)). Suppose 2*c + 6 = y - 4, -4*y = -4*c - p. List the prime factors of y.
2
Suppose 11 = 4*k - 1. Let a = k + -1. Suppose 2*d + a*d = 44. What are the prime factors of d?
11
Let k = 37 + -24. What are the prime factors of k?
13
Suppose 3*y - 5*y = 0. Suppose 23 = 5*g + 4*m - 5*m, y = -2*g + 5*m. List the prime factors of g.
5
Let i(k) = -k**2 - 3*k + 5. Let t(r) = r**2 - 5*r - 1. Let d be t(6). Let u be i(d). Let a = -17 - u. List the prime factors of a.
2, 3
Suppose -2*r = r - 4*f - 104, 4*r = 3*f + 141. Let d = -17 + r. What are the prime factors of d?
19
Let u(j) be the third derivative of -j**6/120 + 2*j**5/15 - j**4/24 + 11*j**3/6 + 2*j**2. Let w be u(8). Suppose -7 - 2 = -w*n. List the prime factors of n.
3
Suppose 17 = 2*m - 169. List the prime factors of m.
3, 31
Let t = -10 + 10. Suppose -48 = -3*s - t*s. List the prime factors of s.
2
Suppose 3*m + g = 174, -5*m = -4*g + 3*g - 282. List the prime factors of m.
3, 19
Let z = 7 - 0. Let d(t) = -t**3 - 3. Let p be d(0). Let m = z + p. List the prime factors of m.
2
Suppose -8*m = -3*m - 200. Let b = m + 1. What are the prime factors of b?
41
Suppose -2*s - 1 = -5. List the prime factors of s.
2
Let r = 23 - 3. What are the prime factors of r?
2, 5
Suppose -5*c = 9*c - 4522. What are the prime factors of c?
17, 19
Suppose 0 = 5*z + 3*u - 7*u - 237, -2*z + 78 = 4*u. What are the prime factors of z?
3, 5
Suppose 3*m - 16 - 2 = 0. Let y = m + -3. Suppose 3*t = -n + 22, y*n = -2*n - 4*t + 55. What are the prime factors of n?
7
Let g = 310 + -153. What are the prime factors of g?
157
Let t = -4 + 7. Let b = -28 + 48. Suppose -t*a + 5*k + b = 0, -2*a = 3*k - 0*k - 45. List the prime factors of a.
3, 5
Let s(g) = g**2 + 4*g - 3. Suppose 10 = -4*z - 18. List the prime factors of s(z).
2, 3
Let j be (-3 - -1)/2*1. Let y(t) = t**2 - 11*t + 7. Let m be y(8). Let h = j - m. List the prime factors of h.
2
Let s(l) = -76*l**3 - l**2 - 2*l - 1. List the prime factors of s(-1).
2, 19
List the prime factors of (2 - (-30)/(-9))/(8/(-660)).
2, 5, 11
Let p = 0 - -1. Suppose 4*k - p = 15. What are the prime factors of k?
2
What are the prime factors of 134 - ((-2)/2 - (-4 - -2))?
7, 19
Suppose -4*r - l - 154 + 52 = 0, -5*r - 2*l - 126 = 0. Suppose -n = -4*n - 123. Let y = r - n. List the prime factors of y.
3, 5
What are the prime factors of 16/56 + -2 + 1275/21?
59
Let u(m) be the second derivative of -m**4/12 - 11*m**3/6 - 5*m**2 - 3*m. What are the prime factors of u(-8)?
2, 7
Let k be (4/(-3))/((-4)/(-30)). Let b be (-2)/(-5) - 796/k. Suppose -33 = 3*t + 5*x - b, 0 = -5*t - 2*x + 53. What are the prime factors of t?
3
Suppose -2*t - 4 = 5*a - 4*a, 3*a = -t + 3. Suppose -2*s + a = -6. What are the prime factors of s?
2
Suppose -2*b - 95 = -7*b. Let r = 36 - b. List the prime factors of r.
17
Let u(y) = y**2 + 6*y + 9. Let d be u(-6). Suppose -19 = -5*i + 6. Let m = i + d. What are the prime factors of m?
2, 7
Suppose -4*r + 2*y - 57 = -3*y, -3*y = 4*r + 81. Let v = r + 21. What are the prime factors of v?
3
Suppose 0 = -5*y + t - 21, 5*y + t + 15 = y. Let v be y/(-4*1/(-18)). List the prime factors of (-1 - -4)/(v/(-12)).
2
Let y(k) = -7*k - 3. List the prime factors of y(-17).
2, 29
Suppose -3*h + 86 = 4*l, -4*h + l + 91 = -h. What are the prime factors of h?
2, 3, 5
Let z be (10/15)/((-2)/3). Let v = -1 - z. Suppose 5*x + 0*x = -3*r + 54, 2*x + 2*r - 24 = v. What are the prime factors of x?
3
Let r be ((-12)/(-9) - 0)*3. Suppose -16 = r*u - 92. List the prime factors of u.
19
Let u = 69 - 9. List the prime factors of u.
2, 3, 5
Let f be (-10)/(-60) - 4174/(-12). Suppose 5*n + 113 = f. List the prime factors of n.
47
Let l(r) = r**3 + 7*r**2 - 15*r - 5. List the prime factors of l(-7).
2, 5
Suppose 4*v + 4*h - 1040 = 0, -2*v + 7*h - 2*h = -541. What are the prime factors of v?
263
Let b = -30 - -43. List the prime factors of b.
13
Suppose 0 = g + g + 16. Let s = g - -5. List the prime factors of -2 + s*(2 + -4).
2
Let l(m) = -15*m**3 + m**2 + m - 3. List the prime factors of l(-2).
7, 17
Let g be (-1)/(4 - 3) - -1. Suppose g = -w + 61 - 12. What are the prime factors of w?
7
Suppose 4*z - 1291 = 3*o, -z - 3*o + 304 = -0*o. What are the prime factors of z?
11, 29
Let i(a) = -3*a + 2. Let l(n) = -4*n + 1. Let o(g) = 3*i(g) - 2*l(g). List the prime factors of o(-9).
13
Let q(u) be the second derivative of 0 - u - 1/2*u**4 + 0*u**2 - 1/20*u**5 - u**3. What are the prime factors of q(-5)?
5
Let x(p) = p**3 - 6*p**2 + 5*p - 3. Let n be x(5). Let l be ((0 - -2) + -1)*n. Let g(d) = d**3 + 3*d**2 - 2*d - 4. What are the prime factors of g(l)?
2
Let c = 3 - 4. Let u(v) = -19*v**3. Let q be u(c). Suppose a = q - 7. What are the prime factors of a?
2, 3
Suppose -3*z - 215 = -c, c + 804 = 5*c + 2*z. List the prime factors of c.
7, 29
Suppose d + 0 + 2 = 0. Let n be (3/2)/(d/(-4)). Suppose -n*j - j + 16 = 0. List the prime factors of j.
2
Let z be (-1 + 3)/(1/2). Suppose -5*r = -r + 4. Let k = r + z. What are the prime factors of k?
3
Let h(j) = 145*j**2 - 1. List the prime factors of h(-1).
2, 3
Let l(z) = -2*z - 9. Let w be l(-7). Suppose 0 = w*t - 0*r - 4*r - 43, 4*r = 2*t - 10. What are the prime factors of t?
11
Let l = 14 + -10. Let m = l + -2. Suppose m*x + 10 = 2*k, 3*k - 29 = -0*x - 4*x. List the prime factors of k.
7
Let p = 51 + -10. What are the prime factors of p?
41
Suppose 0 = -7*s + 2*s + 250. What are the prime factors of s?
2, 5
Suppose -20 = -2*y - 3*y. Suppose -4*w - 2 = o, 7 = 4*o + 2*w + 1. Suppose -12 + y = -o*a. List the prime factors of a.
2
Let r(g) = -g**2 - 7*g - 4. List the prime factors of r(-6).
2
Let i(m) = 2*m**2 + 17*m + 49. List the prime factors of i(-19).
2, 7
List the prime factors of 2*62/4*(-2 + 6).
2, 31
Let y(f) = 10*f + 9. List the prime factors of y(3).
3, 13
Let k(f) = -5*f - 7. Let i(n) = 14*n + 20. Let g(h) = -3*i(h) - 8*k(h). Let y be g(-3). Suppose 2*b + 44 = 4*s, -b - 6 = y*b. What are the prime factors of s?
2, 5
Suppose -4 = -0*g - 2*g. Suppose -g*o - 140 = -7*o. List the prime factors of o.
2, 7
Let x = -10 + 12. Suppose -3*u = -a + 6*a - 12, -3*u = x*a - 12. Suppose -u*c - c = -10. List the prime factors of c.
2
Let v(z) = -z**2 - 8*z - 8. Let c be v(-6). Suppose -c*d = -2*o - 14, 0 = 3*o - 7 - 8. What are the prime factors of d?
2, 3
Let c = -2 - -10. Suppose 2*d - c = 26. What are the prime factors of d?
17
Suppose y - 17 = 5. What are the prime factors of y?
2, 11
Suppose -2*u + 255 = -d, 0 = -6*u + u + 2*d + 636. What are the prime factors of u?
2, 3, 7
Let m(y) = 28*y**3 + y - 2*y**2 + 4*y**2 + 11*y**3 - 55*y**3. Suppose -4*r + 5*u = -6, 3*u = 4*r - 0*r - 2. List the prime factors of m(r).
17
Let u = 0 - -19. List the prime factors of u.
19
Let b(u) = -28*u - 3. List the prime factors of b(-4).
109
Let m = 21 - -2. What are the prime factors of m?
23
Suppose 11 = -0*u - u - 4*f, 5*f = 4*u + 44. Let r = u + 19. List the prime factors of r.
2
Suppose -257 + 52 = -5*y. List the prime factors of y.
41
Let y(m) = 2*m**2 + 2*m - 42. What are the prime factors of y(-8)?
2, 5, 7
Let k = 1 + 136. List the prime factors of k.
137
Let v = 1 + -1. Suppose s + 3*s + 24 = v. Let w = s - -14. What are the prime factors of w?
2
Suppose 3*q = 19 - 310. Let j = -67 - q. List the prime factors of j.
2, 3, 5
Let o be (0 - -2)/(-3 - -2). List the prime factors of (18/4)/((-1)/o).
3
List the prime factors of ((-62)/4)/((-11)/22).
31
Suppose -4*s + s + 5 = 2*l, -s = 3*l + 3. Suppose o = 4, -o + 49 = -s*c - 2*c. Let x(q) = q**2 + 8*q + 8. List the prime factors of x(c).
17
Let d be (-3)/(-2)*-2 + 0. What are the prime factors of (0 - 11)/(d/3)?
11
Suppose 101 = 2*s - l, -253 = -5*s + 2*l - 0*l. What are the prime factors of s?
3, 17
Suppose 5*y + 56 = 451. Suppose -n + 47 = -y. What are the prime factors of ((-10)/30)/((-2)/n)?
3, 7
Let l = 98 - 35. List the prime factors of l.
3, 7
Let p = 164 - 111. List the prime factors of p.
53
Let n = -1 - -1. Suppose n